lculate the greatest common factor of 4945 and 145318715.
4945
Calculate the greatest common factor of 2905498 and 15438.
166
Calculate the greatest common factor of 1894752 and 4238811.
3483
Calculate the greatest common factor of 141 and 2329179.
141
What is the highest common divisor of 449276 and 5372?
68
What is the greatest common factor of 143 and 30614441?
143
What is the greatest common divisor of 110250 and 258377?
49
What is the highest common factor of 285522 and 4278?
138
Calculate the highest common factor of 20290557 and 45536.
1423
Calculate the highest common factor of 28728 and 151007976.
1512
What is the greatest common divisor of 52762432 and 832?
64
What is the highest common divisor of 115702 and 29786459?
3403
What is the highest common divisor of 6422464 and 17?
17
What is the greatest common factor of 243 and 5072571?
27
What is the highest common divisor of 182208 and 50856?
312
What is the greatest common factor of 52244 and 4402556?
148
Calculate the highest common divisor of 24411 and 2635440.
237
Calculate the greatest common divisor of 4051083 and 102.
51
What is the greatest common divisor of 68919706 and 982?
982
Calculate the highest common factor of 2781 and 58162452.
309
What is the greatest common factor of 22944768 and 96?
96
What is the highest common factor of 3908927 and 3135?
209
What is the highest common factor of 10208 and 106272?
32
What is the highest common divisor of 11798 and 192336895?
5899
What is the greatest common divisor of 77 and 316225217?
77
What is the highest common factor of 1 and 28666489?
1
Calculate the greatest common divisor of 44 and 7606324.
44
Calculate the greatest common divisor of 241808 and 72658.
34
Calculate the greatest common factor of 5035 and 293885.
265
What is the highest common divisor of 37497075 and 45?
15
What is the highest common factor of 2666 and 36298923?
1333
What is the greatest common divisor of 110 and 410743025?
55
What is the highest common factor of 1163050 and 15400?
350
What is the highest common factor of 397372 and 292?
4
What is the greatest common divisor of 3186 and 27649170?
1062
Calculate the highest common divisor of 7409 and 83889.
239
Calculate the highest common divisor of 4036466 and 2085601.
2807
What is the greatest common divisor of 274925 and 2975?
175
Calculate the highest common divisor of 8460 and 34360380.
180
Calculate the highest common factor of 360281 and 20621.
17
What is the greatest common divisor of 8270 and 499610?
10
What is the highest common factor of 1980 and 32588415?
45
What is the highest common divisor of 191526 and 587160?
1398
What is the highest common factor of 884 and 7627594?
442
Calculate the greatest common divisor of 2864810 and 1170.
130
Calculate the greatest common factor of 449000 and 34050.
50
Calculate the greatest common divisor of 1518 and 1039752582.
1518
What is the greatest common divisor of 498003 and 2838?
33
What is the greatest common factor of 275 and 19646385?
55
Calculate the greatest common divisor of 140304357 and 45.
9
Calculate the highest common factor of 19027 and 18309.
359
What is the highest common divisor of 1279238 and 84677?
293
What is the highest common factor of 69 and 8279747?
23
What is the greatest common divisor of 3171 and 105284448?
453
What is the highest common divisor of 765 and 440910?
45
What is the highest common factor of 100125 and 367515?
45
Calculate the greatest common factor of 78100 and 39646400.
7100
What is the greatest common factor of 186075 and 549?
9
Calculate the greatest common divisor of 42255331 and 178.
89
Calculate the greatest common divisor of 3778400 and 1900.
100
What is the greatest common divisor of 254980232 and 39?
13
Calculate the highest common divisor of 660996 and 14091.
1281
What is the greatest common factor of 820 and 46688000?
20
Calculate the greatest common factor of 579731 and 1178.
31
Calculate the greatest common divisor of 188 and 19150244.
188
Calculate the greatest common divisor of 18026494 and 74273.
4369
Calculate the greatest common divisor of 698544 and 96768.
3024
Calculate the greatest common factor of 16249661 and 253.
23
What is the highest common factor of 37703624 and 2?
2
What is the highest common factor of 343 and 654808?
7
What is the highest common factor of 575176 and 19432?
56
What is the greatest common divisor of 578257044 and 60?
12
What is the highest common factor of 6304368 and 224?
112
What is the greatest common divisor of 122 and 256194876?
122
Calculate the highest common divisor of 1760276 and 497804.
5132
What is the highest common divisor of 89640 and 48560?
40
Calculate the highest common divisor of 18963 and 297185.
49
What is the greatest common factor of 618175 and 58855?
395
Calculate the greatest common divisor of 102 and 345942.
6
What is the highest common divisor of 43767773 and 95?
19
Calculate the greatest common divisor of 1132 and 9942356.
1132
What is the greatest common divisor of 80 and 80692680?
40
Calculate the highest common divisor of 54087 and 64977.
363
What is the greatest common divisor of 679 and 2525783?
97
Calculate the highest common factor of 672 and 335264.
32
What is the greatest common factor of 369204882 and 9?
3
Calculate the highest common divisor of 1022 and 4103914.
146
Calculate the highest common divisor of 6628893 and 3.
3
Calculate the highest common divisor of 41177670 and 1110.
1110
What is the greatest common factor of 25755716 and 152?
76
What is the greatest common divisor of 132046 and 42333?
103
What is the greatest common factor of 10975 and 631721?
439
What is the greatest common divisor of 69839336 and 17590?
3518
What is the highest common divisor of 2641 and 206967?
19
What is the highest common divisor of 1036 and 53263?
7
Calculate the greatest common divisor of 1950830 and 434.
434
What is the greatest common factor of 4150 and 92890?
10
What is the highest common divisor of 34 and 116441449?
17
What is the highest common divisor of 29141460 and 5520?
1380
Calculate the highest common factor of 3887 and 6809023.
13
What is the greatest common factor of 304636805 and 5?
5
What is the highest common divisor of 217045 and 75530?
415
Calculate the highest common divisor of 220369530 and 21630.
3090
Calculate the highest common factor of 35636 and 412.
4
Calculate the greatest common factor of 1235 and 8371324.
247
Calculate the greatest common divisor of 8622 and 1526573.
479
Calculate the greatest common factor of 8766520 and 6040.
40
What is the greatest common divisor of 194320 and 326704?
112
Calculate the greatest common divisor of 10 and 38359375.
5
What is the highest common divisor of 1928 and 630215?
241
What is the highest common divisor of 1247492 and 740?
148
What is the highest common factor of 136 and 1428488?
8
Calculate the highest common factor of 40988164 and 28.
28
Calculate the highest common divisor of 4520 and 46672.
8
What is the greatest common divisor of 102550 and 2135?
35
Calculate the highest common factor of 52397645 and 37080.
515
What is the highest common divisor of 3537367 and 157?
157
Calculate the highest common divisor of 129755 and 85.
5
What is the greatest common divisor of 3204 and 118692714?
534
What is the highest common divisor of 575 and 140097025?
575
What is the greatest common divisor of 714 and 1013586?
42
Calculate the highest common divisor of 43248512 and 11136.
3712
Calculate the greatest common factor of 18278106 and 1694.
154
Calculate the highest common divisor of 528 and 39926535.
33
Calculate the highest common divisor of 522 and 14749458.
174
What is the highest common factor of 19249804 and 11360?
284
What is the greatest common factor of 644627 and 2937?
89
Calculate the greatest common divisor of 61208 and 67183431.
7651
Calculate the highest common divisor of 1626 and 3815951.
271
What is the greatest common factor of 511032 and 13803?
321
Calculate the highest common factor of 53 and 5255533.
53
Calculate the highest common divisor of 19645604 and 291.
97
What is the greatest common factor of 16155 and 1419486?
1077
What is the highest common factor of 19227 and 4263464?
493
What is the highest common factor of 5519 and 5306761336?
5519
Calculate the highest common 